[INFO] cloning repository https://github.com/passcod/stalc
[INFO] running `Command { std: "git" "-c" "credential.helper=" "-c" "credential.helper=/workspace/cargo-home/bin/git-credential-null" "clone" "--bare" "https://github.com/passcod/stalc" "/workspace/cache/git-repos/https%3A%2F%2Fgithub.com%2Fpasscod%2Fstalc", kill_on_drop: false }`
[INFO] [stderr] Cloning into bare repository '/workspace/cache/git-repos/https%3A%2F%2Fgithub.com%2Fpasscod%2Fstalc'...
[INFO] running `Command { std: "git" "rev-parse" "HEAD", kill_on_drop: false }`
[INFO] [stdout] 05a735e263113b9aaab04c02c59c0a84983c38d3
[INFO] checking passcod/stalc against master#cfbc6d4cf1acbac5c025acf8ed68929caa551df3 for pr-75494-beta
[INFO] running `Command { std: "git" "clone" "/workspace/cache/git-repos/https%3A%2F%2Fgithub.com%2Fpasscod%2Fstalc" "/workspace/builds/worker-14/source", kill_on_drop: false }`
[INFO] [stderr] Cloning into '/workspace/builds/worker-14/source'...
[INFO] [stderr] done.
[INFO] validating manifest of git repo https://github.com/passcod/stalc on toolchain cfbc6d4cf1acbac5c025acf8ed68929caa551df3
[INFO] running `Command { std: "/workspace/cargo-home/bin/cargo" "+cfbc6d4cf1acbac5c025acf8ed68929caa551df3" "read-manifest" "--manifest-path" "Cargo.toml", kill_on_drop: false }`
[INFO] started tweaking git repo https://github.com/passcod/stalc
[INFO] finished tweaking git repo https://github.com/passcod/stalc
[INFO] tweaked toml for git repo https://github.com/passcod/stalc written to /workspace/builds/worker-14/source/Cargo.toml
[INFO] crate git repo https://github.com/passcod/stalc already has a lockfile, it will not be regenerated
[INFO] running `Command { std: "/workspace/cargo-home/bin/cargo" "+cfbc6d4cf1acbac5c025acf8ed68929caa551df3" "fetch" "--locked" "--manifest-path" "Cargo.toml", kill_on_drop: false }`
[INFO] running `Command { std: "docker" "create" "-v" "/var/lib/crater-agent-workspace/builds/worker-14/target:/opt/rustwide/target:rw,Z" "-v" "/var/lib/crater-agent-workspace/builds/worker-14/source:/opt/rustwide/workdir:ro,Z" "-v" "/var/lib/crater-agent-workspace/cargo-home:/opt/rustwide/cargo-home:ro,Z" "-v" "/var/lib/crater-agent-workspace/rustup-home:/opt/rustwide/rustup-home:ro,Z" "-e" "SOURCE_DIR=/opt/rustwide/workdir" "-e" "CARGO_TARGET_DIR=/opt/rustwide/target" "-e" "CARGO_HOME=/opt/rustwide/cargo-home" "-e" "RUSTUP_HOME=/opt/rustwide/rustup-home" "-w" "/opt/rustwide/workdir" "-m" "1610612736" "--user" "0:0" "--network" "none" "rustops/crates-build-env@sha256:a636fd89d022f18117e1dc8fb37a0a009933cdbbe082814857f0e2024962d47c" "/opt/rustwide/cargo-home/bin/cargo" "+cfbc6d4cf1acbac5c025acf8ed68929caa551df3" "metadata" "--no-deps" "--format-version=1", kill_on_drop: false }`
[INFO] [stderr] WARNING: Your kernel does not support swap limit capabilities or the cgroup is not mounted. Memory limited without swap.
[INFO] [stdout] b697cca10f07c46a766bf3a0a196595c65e08e280d2e0082dbcbcbe4cf7ca1e1
[INFO] running `Command { std: "docker" "start" "-a" "b697cca10f07c46a766bf3a0a196595c65e08e280d2e0082dbcbcbe4cf7ca1e1", kill_on_drop: false }`
[INFO] running `Command { std: "docker" "inspect" "b697cca10f07c46a766bf3a0a196595c65e08e280d2e0082dbcbcbe4cf7ca1e1", kill_on_drop: false }`
[INFO] running `Command { std: "docker" "rm" "-f" "b697cca10f07c46a766bf3a0a196595c65e08e280d2e0082dbcbcbe4cf7ca1e1", kill_on_drop: false }`
[INFO] [stdout] b697cca10f07c46a766bf3a0a196595c65e08e280d2e0082dbcbcbe4cf7ca1e1
[INFO] running `Command { std: "docker" "create" "-v" "/var/lib/crater-agent-workspace/builds/worker-14/target:/opt/rustwide/target:rw,Z" "-v" "/var/lib/crater-agent-workspace/builds/worker-14/source:/opt/rustwide/workdir:ro,Z" "-v" "/var/lib/crater-agent-workspace/cargo-home:/opt/rustwide/cargo-home:ro,Z" "-v" "/var/lib/crater-agent-workspace/rustup-home:/opt/rustwide/rustup-home:ro,Z" "-e" "SOURCE_DIR=/opt/rustwide/workdir" "-e" "CARGO_TARGET_DIR=/opt/rustwide/target" "-e" "CARGO_INCREMENTAL=0" "-e" "RUST_BACKTRACE=full" "-e" "RUSTFLAGS=--cap-lints=forbid" "-e" "CARGO_HOME=/opt/rustwide/cargo-home" "-e" "RUSTUP_HOME=/opt/rustwide/rustup-home" "-w" "/opt/rustwide/workdir" "-m" "1610612736" "--user" "0:0" "--network" "none" "rustops/crates-build-env@sha256:a636fd89d022f18117e1dc8fb37a0a009933cdbbe082814857f0e2024962d47c" "/opt/rustwide/cargo-home/bin/cargo" "+cfbc6d4cf1acbac5c025acf8ed68929caa551df3" "check" "--frozen" "--all" "--all-targets" "--message-format=json", kill_on_drop: false }`
[INFO] [stdout] 08e34ec62745847bca254e68501d0324bd2411b5586b4b4b5bb13856ab48b9c2
[INFO] [stderr] WARNING: Your kernel does not support swap limit capabilities or the cgroup is not mounted. Memory limited without swap.
[INFO] running `Command { std: "docker" "start" "-a" "08e34ec62745847bca254e68501d0324bd2411b5586b4b4b5bb13856ab48b9c2", kill_on_drop: false }`
[INFO] [stderr]     Checking num-traits v0.1.37
[INFO] [stderr]     Checking num-integer v0.1.34
[INFO] [stderr]     Checking num-complex v0.1.37
[INFO] [stderr]     Checking num-bigint v0.1.37
[INFO] [stderr]     Checking num-iter v0.1.33
[INFO] [stderr]     Checking num-rational v0.1.36
[INFO] [stderr]     Checking num v0.1.37
[INFO] [stderr]     Checking stalc v0.0.0 (/opt/rustwide/workdir)
[INFO] [stdout] warning: `...` range patterns are deprecated
[INFO] [stdout]   --> src/parser/numeral.rs:95:16
[INFO] [stdout]    |
[INFO] [stdout] 95 |             '0'...'9' => char_code(d) - char_code('0'),
[INFO] [stdout]    |                ^^^ help: use `..=` for an inclusive range
[INFO] [stdout]    |
[INFO] [stdout]    = note: `#[warn(ellipsis_inclusive_range_patterns)]` on by default
[INFO] [stdout] 
[INFO] [stdout] 
[INFO] [stdout] warning: `...` range patterns are deprecated
[INFO] [stdout]   --> src/parser/numeral.rs:96:16
[INFO] [stdout]    |
[INFO] [stdout] 96 |             'A'...'Z' => char_code(d) - char_code('A') + 10,
[INFO] [stdout]    |                ^^^ help: use `..=` for an inclusive range
[INFO] [stdout] 
[INFO] [stdout] 
[INFO] [stdout] warning: `...` range patterns are deprecated
[INFO] [stdout]   --> src/parser/numeral.rs:97:16
[INFO] [stdout]    |
[INFO] [stdout] 97 |             'a'...'z' => if radix <= 36 {
[INFO] [stdout]    |                ^^^ help: use `..=` for an inclusive range
[INFO] [stdout] 
[INFO] [stdout] 
[INFO] [stdout] warning: use of deprecated item 'std::sync::ONCE_INIT': the `new` function is now preferred
[INFO] [stdout]   --> src/parser/numeral.rs:9:1
[INFO] [stdout]    |
[INFO] [stdout] 9  | / lazy_static! {
[INFO] [stdout] 10 | |     pub static ref DIGITS: String = format!("{}{}{}", DECIMAL, UPPERCASE, LOWERCASE);
[INFO] [stdout] 11 | | }
[INFO] [stdout]    | |_^
[INFO] [stdout]    |
[INFO] [stdout]    = note: `#[warn(deprecated)]` on by default
[INFO] [stdout]    = note: this warning originates in a macro (in Nightly builds, run with -Z macro-backtrace for more info)
[INFO] [stdout] 
[INFO] [stdout] 
[INFO] [stdout] warning: use of deprecated item 'std::sync::ONCE_INIT': the `new` function is now preferred
[INFO] [stdout]   --> src/parser/numeral.rs:9:1
[INFO] [stdout]    |
[INFO] [stdout] 9  | / lazy_static! {
[INFO] [stdout] 10 | |     pub static ref DIGITS: String = format!("{}{}{}", DECIMAL, UPPERCASE, LOWERCASE);
[INFO] [stdout] 11 | | }
[INFO] [stdout]    | |_^
[INFO] [stdout]    |
[INFO] [stdout]    = note: this warning originates in a macro (in Nightly builds, run with -Z macro-backtrace for more info)
[INFO] [stdout] 
[INFO] [stdout] 
[INFO] [stdout] warning: `...` range patterns are deprecated
[INFO] [stdout]   --> src/parser/numeral.rs:95:16
[INFO] [stdout]    |
[INFO] [stdout] 95 |             '0'...'9' => char_code(d) - char_code('0'),
[INFO] [stdout]    |                ^^^ help: use `..=` for an inclusive range
[INFO] [stdout]    |
[INFO] [stdout]    = note: `#[warn(ellipsis_inclusive_range_patterns)]` on by default
[INFO] [stdout] 
[INFO] [stdout] 
[INFO] [stdout] warning: `...` range patterns are deprecated
[INFO] [stdout]   --> src/parser/numeral.rs:96:16
[INFO] [stdout]    |
[INFO] [stdout] 96 |             'A'...'Z' => char_code(d) - char_code('A') + 10,
[INFO] [stdout]    |                ^^^ help: use `..=` for an inclusive range
[INFO] [stdout] 
[INFO] [stdout] 
[INFO] [stdout] warning: `...` range patterns are deprecated
[INFO] [stdout]   --> src/parser/numeral.rs:97:16
[INFO] [stdout]    |
[INFO] [stdout] 97 |             'a'...'z' => if radix <= 36 {
[INFO] [stdout]    |                ^^^ help: use `..=` for an inclusive range
[INFO] [stdout] 
[INFO] [stdout] 
[INFO] [stdout] warning: use of deprecated item 'std::sync::ONCE_INIT': the `new` function is now preferred
[INFO] [stdout]   --> src/parser/numeral.rs:9:1
[INFO] [stdout]    |
[INFO] [stdout] 9  | / lazy_static! {
[INFO] [stdout] 10 | |     pub static ref DIGITS: String = format!("{}{}{}", DECIMAL, UPPERCASE, LOWERCASE);
[INFO] [stdout] 11 | | }
[INFO] [stdout]    | |_^
[INFO] [stdout]    |
[INFO] [stdout]    = note: `#[warn(deprecated)]` on by default
[INFO] [stdout]    = note: this warning originates in a macro (in Nightly builds, run with -Z macro-backtrace for more info)
[INFO] [stdout] 
[INFO] [stdout] 
[INFO] [stdout] warning: use of deprecated item 'std::sync::ONCE_INIT': the `new` function is now preferred
[INFO] [stdout]   --> src/parser/numeral.rs:9:1
[INFO] [stdout]    |
[INFO] [stdout] 9  | / lazy_static! {
[INFO] [stdout] 10 | |     pub static ref DIGITS: String = format!("{}{}{}", DECIMAL, UPPERCASE, LOWERCASE);
[INFO] [stdout] 11 | | }
[INFO] [stdout]    | |_^
[INFO] [stdout]    |
[INFO] [stdout]    = note: this warning originates in a macro (in Nightly builds, run with -Z macro-backtrace for more info)
[INFO] [stdout] 
[INFO] [stdout] 
[INFO] [stdout] error[E0560]: struct `parser::number::Number` has no field named `whole`
[INFO] [stdout]    --> src/parser/number.rs:118:17
[INFO] [stdout]     |
[INFO] [stdout] 118 |                 whole: "12407".into(),
[INFO] [stdout]     |                 ^^^^^ `parser::number::Number` does not have this field
[INFO] [stdout]     |
[INFO] [stdout]     = note: available fields are: `sign`, `rational`, `debug`, `radix`
[INFO] [stdout] 
[INFO] [stdout] 
[INFO] [stdout] error[E0560]: struct `parser::number::Number` has no field named `decimal`
[INFO] [stdout]    --> src/parser/number.rs:119:17
[INFO] [stdout]     |
[INFO] [stdout] 119 |                 decimal: "".into()
[INFO] [stdout]     |                 ^^^^^^^ `parser::number::Number` does not have this field
[INFO] [stdout]     |
[INFO] [stdout]     = note: available fields are: `sign`, `rational`, `debug`, `radix`
[INFO] [stdout] 
[INFO] [stdout] 
[INFO] [stdout] error[E0560]: struct `parser::number::Number` has no field named `whole`
[INFO] [stdout]    --> src/parser/number.rs:130:17
[INFO] [stdout]     |
[INFO] [stdout] 130 |                 whole: "124".into(),
[INFO] [stdout]     |                 ^^^^^ `parser::number::Number` does not have this field
[INFO] [stdout]     |
[INFO] [stdout]     = note: available fields are: `sign`, `rational`, `debug`, `radix`
[INFO] [stdout] 
[INFO] [stdout] 
[INFO] [stdout] error[E0560]: struct `parser::number::Number` has no field named `decimal`
[INFO] [stdout]    --> src/parser/number.rs:131:17
[INFO] [stdout]     |
[INFO] [stdout] 131 |                 decimal: "07".into()
[INFO] [stdout]     |                 ^^^^^^^ `parser::number::Number` does not have this field
[INFO] [stdout]     |
[INFO] [stdout]     = note: available fields are: `sign`, `rational`, `debug`, `radix`
[INFO] [stdout] 
[INFO] [stdout] 
[INFO] [stdout] error[E0560]: struct `parser::number::Number` has no field named `whole`
[INFO] [stdout]    --> src/parser/number.rs:142:17
[INFO] [stdout]     |
[INFO] [stdout] 142 |                 whole: "124".into(),
[INFO] [stdout]     |                 ^^^^^ `parser::number::Number` does not have this field
[INFO] [stdout]     |
[INFO] [stdout]     = note: available fields are: `sign`, `rational`, `debug`, `radix`
[INFO] [stdout] 
[INFO] [stdout] 
[INFO] [stdout] error[E0560]: struct `parser::number::Number` has no field named `decimal`
[INFO] [stdout]    --> src/parser/number.rs:143:17
[INFO] [stdout]     |
[INFO] [stdout] 143 |                 decimal: "07".into()
[INFO] [stdout]     |                 ^^^^^^^ `parser::number::Number` does not have this field
[INFO] [stdout]     |
[INFO] [stdout]     = note: available fields are: `sign`, `rational`, `debug`, `radix`
[INFO] [stdout] 
[INFO] [stdout] 
[INFO] [stdout] error[E0560]: struct `parser::number::Number` has no field named `whole`
[INFO] [stdout]    --> src/parser/number.rs:154:17
[INFO] [stdout]     |
[INFO] [stdout] 154 |                 whole: "124".into(),
[INFO] [stdout]     |                 ^^^^^ `parser::number::Number` does not have this field
[INFO] [stdout]     |
[INFO] [stdout]     = note: available fields are: `sign`, `rational`, `debug`, `radix`
[INFO] [stdout] 
[INFO] [stdout] 
[INFO] [stdout] error[E0560]: struct `parser::number::Number` has no field named `decimal`
[INFO] [stdout]    --> src/parser/number.rs:155:17
[INFO] [stdout]     |
[INFO] [stdout] 155 |                 decimal: "07".into()
[INFO] [stdout]     |                 ^^^^^^^ `parser::number::Number` does not have this field
[INFO] [stdout]     |
[INFO] [stdout]     = note: available fields are: `sign`, `rational`, `debug`, `radix`
[INFO] [stdout] 
[INFO] [stdout] 
[INFO] [stdout] error[E0560]: struct `parser::number::Number` has no field named `whole`
[INFO] [stdout]    --> src/parser/number.rs:166:17
[INFO] [stdout]     |
[INFO] [stdout] 166 |                 whole: "".into(),
[INFO] [stdout]     |                 ^^^^^ `parser::number::Number` does not have this field
[INFO] [stdout]     |
[INFO] [stdout]     = note: available fields are: `sign`, `rational`, `debug`, `radix`
[INFO] [stdout] 
[INFO] [stdout] 
[INFO] [stdout] error[E0560]: struct `parser::number::Number` has no field named `decimal`
[INFO] [stdout]    --> src/parser/number.rs:167:17
[INFO] [stdout]     |
[INFO] [stdout] 167 |                 decimal: "3926".into()
[INFO] [stdout]     |                 ^^^^^^^ `parser::number::Number` does not have this field
[INFO] [stdout]     |
[INFO] [stdout]     = note: available fields are: `sign`, `rational`, `debug`, `radix`
[INFO] [stdout] 
[INFO] [stdout] 
[INFO] [stdout] error[E0560]: struct `parser::number::Number` has no field named `whole`
[INFO] [stdout]    --> src/parser/number.rs:178:17
[INFO] [stdout]     |
[INFO] [stdout] 178 |                 whole: "".into(),
[INFO] [stdout]     |                 ^^^^^ `parser::number::Number` does not have this field
[INFO] [stdout]     |
[INFO] [stdout]     = note: available fields are: `sign`, `rational`, `debug`, `radix`
[INFO] [stdout] 
[INFO] [stdout] 
[INFO] [stdout] error[E0560]: struct `parser::number::Number` has no field named `decimal`
[INFO] [stdout]    --> src/parser/number.rs:179:17
[INFO] [stdout]     |
[INFO] [stdout] 179 |                 decimal: "3926".into()
[INFO] [stdout]     |                 ^^^^^^^ `parser::number::Number` does not have this field
[INFO] [stdout]     |
[INFO] [stdout]     = note: available fields are: `sign`, `rational`, `debug`, `radix`
[INFO] [stdout] 
[INFO] [stdout] 
[INFO] [stdout] error[E0560]: struct `parser::number::Number` has no field named `whole`
[INFO] [stdout]    --> src/parser/number.rs:190:17
[INFO] [stdout]     |
[INFO] [stdout] 190 |                 whole: "".into(),
[INFO] [stdout]     |                 ^^^^^ `parser::number::Number` does not have this field
[INFO] [stdout]     |
[INFO] [stdout]     = note: available fields are: `sign`, `rational`, `debug`, `radix`
[INFO] [stdout] 
[INFO] [stdout] 
[INFO] [stdout] error[E0560]: struct `parser::number::Number` has no field named `decimal`
[INFO] [stdout]    --> src/parser/number.rs:191:17
[INFO] [stdout]     |
[INFO] [stdout] 191 |                 decimal: "3926".into()
[INFO] [stdout]     |                 ^^^^^^^ `parser::number::Number` does not have this field
[INFO] [stdout]     |
[INFO] [stdout]     = note: available fields are: `sign`, `rational`, `debug`, `radix`
[INFO] [stdout] 
[INFO] [stdout] 
[INFO] [stdout] error[E0560]: struct `parser::number::Number` has no field named `whole`
[INFO] [stdout]    --> src/parser/number.rs:202:17
[INFO] [stdout]     |
[INFO] [stdout] 202 |                 whole: "003926".into(),
[INFO] [stdout]     |                 ^^^^^ `parser::number::Number` does not have this field
[INFO] [stdout]     |
[INFO] [stdout]     = note: available fields are: `sign`, `rational`, `debug`, `radix`
[INFO] [stdout] 
[INFO] [stdout] 
[INFO] [stdout] error[E0560]: struct `parser::number::Number` has no field named `decimal`
[INFO] [stdout]    --> src/parser/number.rs:203:17
[INFO] [stdout]     |
[INFO] [stdout] 203 |                 decimal: "".into()
[INFO] [stdout]     |                 ^^^^^^^ `parser::number::Number` does not have this field
[INFO] [stdout]     |
[INFO] [stdout]     = note: available fields are: `sign`, `rational`, `debug`, `radix`
[INFO] [stdout] 
[INFO] [stdout] 
[INFO] [stdout] error[E0560]: struct `parser::number::Number` has no field named `whole`
[INFO] [stdout]    --> src/parser/number.rs:214:17
[INFO] [stdout]     |
[INFO] [stdout] 214 |                 whole: "0".into(),
[INFO] [stdout]     |                 ^^^^^ `parser::number::Number` does not have this field
[INFO] [stdout]     |
[INFO] [stdout]     = note: available fields are: `sign`, `rational`, `debug`, `radix`
[INFO] [stdout] 
[INFO] [stdout] 
[INFO] [stdout] error[E0560]: struct `parser::number::Number` has no field named `decimal`
[INFO] [stdout]    --> src/parser/number.rs:215:17
[INFO] [stdout]     |
[INFO] [stdout] 215 |                 decimal: "003926".into()
[INFO] [stdout]     |                 ^^^^^^^ `parser::number::Number` does not have this field
[INFO] [stdout]     |
[INFO] [stdout]     = note: available fields are: `sign`, `rational`, `debug`, `radix`
[INFO] [stdout] 
[INFO] [stdout] 
[INFO] [stdout] error[E0560]: struct `parser::number::Number` has no field named `whole`
[INFO] [stdout]    --> src/parser/number.rs:226:17
[INFO] [stdout]     |
[INFO] [stdout] 226 |                 whole: "3926".into(),
[INFO] [stdout]     |                 ^^^^^ `parser::number::Number` does not have this field
[INFO] [stdout]     |
[INFO] [stdout]     = note: available fields are: `sign`, `rational`, `debug`, `radix`
[INFO] [stdout] 
[INFO] [stdout] 
[INFO] [stdout] error[E0560]: struct `parser::number::Number` has no field named `decimal`
[INFO] [stdout]    --> src/parser/number.rs:227:17
[INFO] [stdout]     |
[INFO] [stdout] 227 |                 decimal: "".into()
[INFO] [stdout]     |                 ^^^^^^^ `parser::number::Number` does not have this field
[INFO] [stdout]     |
[INFO] [stdout]     = note: available fields are: `sign`, `rational`, `debug`, `radix`
[INFO] [stdout] 
[INFO] [stdout] 
[INFO] [stdout] error[E0560]: struct `parser::number::Number` has no field named `whole`
[INFO] [stdout]    --> src/parser/number.rs:238:17
[INFO] [stdout]     |
[INFO] [stdout] 238 |                 whole: "2332428689328745932478943876394748356278545678928732409236889784596839084269459887432568783425".into(),
[INFO] [stdout]     |                 ^^^^^ `parser::number::Number` does not have this field
[INFO] [stdout]     |
[INFO] [stdout]     = note: available fields are: `sign`, `rational`, `debug`, `radix`
[INFO] [stdout] 
[INFO] [stdout] 
[INFO] [stdout] error[E0560]: struct `parser::number::Number` has no field named `decimal`
[INFO] [stdout]    --> src/parser/number.rs:239:17
[INFO] [stdout]     |
[INFO] [stdout] 239 |                 decimal: "762489423675687397834274327568932457632856874683988987563257648239867843257684938587365425".into()
[INFO] [stdout]     |                 ^^^^^^^ `parser::number::Number` does not have this field
[INFO] [stdout]     |
[INFO] [stdout]     = note: available fields are: `sign`, `rational`, `debug`, `radix`
[INFO] [stdout] 
[INFO] [stdout] 
[INFO] [stdout] error: aborting due to 22 previous errors; 5 warnings emitted
[INFO] [stdout] 
[INFO] [stdout] 
[INFO] [stdout] For more information about this error, try `rustc --explain E0560`.
[INFO] [stdout] 
[INFO] [stderr] error: could not compile `stalc`.
[INFO] [stderr] 
[INFO] [stderr] To learn more, run the command again with --verbose.
[INFO] [stderr] warning: build failed, waiting for other jobs to finish...
[INFO] [stdout] warning: 5 warnings emitted
[INFO] [stdout] 
[INFO] [stdout] 
[INFO] [stderr] error: build failed
[INFO] running `Command { std: "docker" "inspect" "08e34ec62745847bca254e68501d0324bd2411b5586b4b4b5bb13856ab48b9c2", kill_on_drop: false }`
[INFO] running `Command { std: "docker" "rm" "-f" "08e34ec62745847bca254e68501d0324bd2411b5586b4b4b5bb13856ab48b9c2", kill_on_drop: false }`
[INFO] [stdout] 08e34ec62745847bca254e68501d0324bd2411b5586b4b4b5bb13856ab48b9c2
